Last updated on 2025-10-28 10:50:50 CET.
| Flavor | Version | Tinstall | Tcheck | Ttotal | Status | Flags | 
|---|---|---|---|---|---|---|
| r-devel-linux-x86_64-debian-clang | 1.3 | 2.44 | 29.64 | 32.08 | NOTE | |
| r-devel-linux-x86_64-debian-gcc | 1.3 | 1.69 | 22.66 | 24.35 | NOTE | |
| r-devel-linux-x86_64-fedora-clang | 1.3 | 47.58 | NOTE | |||
| r-devel-linux-x86_64-fedora-gcc | 1.3 | 45.59 | NOTE | |||
| r-devel-windows-x86_64 | 1.3 | 3.00 | 53.00 | 56.00 | OK | |
| r-patched-linux-x86_64 | 1.3 | 2.24 | 28.28 | 30.52 | OK | |
| r-release-linux-x86_64 | 1.3 | 2.25 | 28.05 | 30.30 | OK | |
| r-release-macos-arm64 | 1.3 | 1.00 | 21.00 | 22.00 | OK | |
| r-release-macos-x86_64 | 1.3 | 2.00 | 32.00 | 34.00 | OK | |
| r-release-windows-x86_64 | 1.3 | 4.00 | 55.00 | 59.00 | OK | |
| r-oldrel-macos-arm64 | 1.3 | 1.00 | 17.00 | 18.00 | OK | |
| r-oldrel-macos-x86_64 | 1.3 | 2.00 | 25.00 | 27.00 | OK | |
| r-oldrel-windows-x86_64 | 1.3 | 5.00 | 61.00 | 66.00 | OK | 
Version: 1.3
Check: CRAN incoming feasibility
Result: NOTE
  Maintainer: ‘Juris Meija <juris.meija@nrc-cnrc.gc.ca>’
  
  No Authors@R field in DESCRIPTION.
  Please add one, modifying
    Authors@R: c(person(given = "Juris",
                        family = "Meija",
                        role = c("aut", "cre"),
                        email = "juris.meija@nrc-cnrc.gc.ca"),
                 person(given = "Antonio",
                        family = "Possolo",
                        role = "aut"))
  as necessary.
  
  Found the following URLs which should use \doi (with the DOI name only):
    File ‘abundances2ratios.Rd’:
      http://dx.doi.org/10.1088/0026-1394/45/4/012
      https://doi.org/10.1088/1681-7575/aa634d
    File ‘at.weight.Rd’:
      http://dx.doi.org/10.1088/0026-1394/45/1/008
      https://doi.org/10.1088/1681-7575/aa634d
    File ‘ciaaw.mass.2012.Rd’:
      https://doi.org/10.1088/1674-1137/41/3/030003
    File ‘ciaaw.mass.2016.Rd’:
      https://doi.org/10.1088/1674-1137/41/3/030003
    File ‘mmm.Rd’:
      http://dx.doi.org/10.1002/sim.6789
      https://doi.org/10.1088/1681-7575/aa634d
    File ‘normalize.ratios.Rd’:
      http://dx.doi.org/10.1088/0026-1394/45/1/008
      https://doi.org/10.1088/1681-7575/aa634d
Flavors: r-devel-linux-x86_64-debian-clang, r-devel-linux-x86_64-debian-gcc
Version: 1.3
Check: dependencies in R code
Result: NOTE
  Namespaces in Imports field not imported from:
    ‘Matrix’ ‘stringr’
    All declared Imports should be used.
Flavors: r-devel-linux-x86_64-fedora-clang, r-devel-linux-x86_64-fedora-gcc