Last updated on 2025-11-20 11:51:04 CET.
| Flavor | Version | Tinstall | Tcheck | Ttotal | Status | Flags |
|---|---|---|---|---|---|---|
| r-devel-linux-x86_64-debian-clang | 0.3-1.5 | 17.01 | 26.44 | 43.45 | NOTE | |
| r-devel-linux-x86_64-debian-gcc | 0.3-1.5 | 10.67 | 21.18 | 31.85 | NOTE | |
| r-devel-linux-x86_64-fedora-clang | 0.3-1.5 | 75.00 | 17.30 | 92.30 | NOTE | |
| r-devel-linux-x86_64-fedora-gcc | 0.3-1.5 | 34.00 | 32.20 | 66.20 | NOTE | |
| r-devel-windows-x86_64 | 0.3-1.5 | 29.00 | 57.00 | 86.00 | OK | |
| r-patched-linux-x86_64 | 0.3-1.5 | 15.44 | 25.39 | 40.83 | OK | |
| r-release-linux-x86_64 | 0.3-1.5 | 15.86 | 25.20 | 41.06 | OK | |
| r-release-macos-arm64 | 0.3-1.5 | OK | ||||
| r-release-macos-x86_64 | 0.3-1.5 | 9.00 | 31.00 | 40.00 | OK | |
| r-release-windows-x86_64 | 0.3-1.5 | 24.00 | 57.00 | 81.00 | OK | |
| r-oldrel-macos-arm64 | 0.3-1.5 | OK | ||||
| r-oldrel-macos-x86_64 | 0.3-1.5 | 7.00 | 23.00 | 30.00 | OK | |
| r-oldrel-windows-x86_64 | 0.3-1.5 | 21.00 | 74.00 | 95.00 | OK |
Version: 0.3-1.5
Check: CRAN incoming feasibility
Result: NOTE
Maintainer: ‘Robert McCulloch <robert.e.mcculloch@gmail.com>’
No Authors@R field in DESCRIPTION.
Please add one, modifying
Authors@R: c(person(given = "Hugh",
family = "Chipman",
role = "aut",
email = "hugh.chipman@gmail.com"),
person(given = "Robert",
family = "McCulloch",
role = c("aut", "cre"),
email = "robert.e.mcculloch@gmail.com"))
as necessary.
Flavors: r-devel-linux-x86_64-debian-clang, r-devel-linux-x86_64-debian-gcc
Version: 0.3-1.5
Check: compiled code
Result: NOTE
File ‘BayesTree/libs/BayesTree.so’:
Found no calls to: ‘R_registerRoutines’, ‘R_useDynamicSymbols’
It is good practice to register native routines and to disable symbol
search.
See ‘Writing portable packages’ in the ‘Writing R Extensions’ manual.
Flavors: r-devel-linux-x86_64-fedora-clang, r-devel-linux-x86_64-fedora-gcc