Last updated on 2025-11-20 11:51:04 CET.
| Flavor | Version | Tinstall | Tcheck | Ttotal | Status | Flags |
|---|---|---|---|---|---|---|
| r-devel-linux-x86_64-debian-clang | 3.7.1 | 5.98 | 49.06 | 55.04 | OK | |
| r-devel-linux-x86_64-debian-gcc | 3.7.1 | 4.45 | 37.45 | 41.90 | OK | |
| r-devel-linux-x86_64-fedora-clang | 3.7.1 | 12.00 | 71.47 | 83.47 | NOTE | |
| r-devel-linux-x86_64-fedora-gcc | 3.7.1 | 15.00 | 79.18 | 94.18 | NOTE | |
| r-devel-windows-x86_64 | 3.7.1 | 10.00 | 70.00 | 80.00 | OK | |
| r-patched-linux-x86_64 | 3.7.1 | 6.21 | 43.93 | 50.14 | OK | |
| r-release-linux-x86_64 | 3.7.1 | 5.05 | 43.90 | 48.95 | OK | |
| r-release-macos-arm64 | 3.7.1 | OK | ||||
| r-release-macos-x86_64 | 3.7.1 | 5.00 | 56.00 | 61.00 | OK | |
| r-release-windows-x86_64 | 3.7.1 | 8.00 | 72.00 | 80.00 | OK | |
| r-oldrel-macos-arm64 | 3.7.1 | OK | ||||
| r-oldrel-macos-x86_64 | 3.7.1 | 5.00 | 63.00 | 68.00 | OK | |
| r-oldrel-windows-x86_64 | 3.7.1 | 10.00 | 78.00 | 88.00 | OK |
Version: 3.7.1
Check: dependencies in R code
Result: NOTE
Namespace in Imports field not imported from: ‘R6’
All declared Imports should be used.
Flavors: r-devel-linux-x86_64-fedora-clang, r-devel-linux-x86_64-fedora-gcc