Last updated on 2025-11-15 11:50:38 CET.
| Flavor | Version | Tinstall | Tcheck | Ttotal | Status | Flags |
|---|---|---|---|---|---|---|
| r-devel-linux-x86_64-debian-clang | 0.1.1 | 16.63 | 43.99 | 60.62 | NOTE | |
| r-devel-linux-x86_64-debian-gcc | 0.1.1 | 11.63 | 34.13 | 45.76 | NOTE | |
| r-devel-linux-x86_64-fedora-clang | 0.1.1 | 33.00 | 73.13 | 106.13 | OK | |
| r-devel-linux-x86_64-fedora-gcc | 0.1.1 | 31.00 | 64.22 | 95.22 | OK | |
| r-devel-windows-x86_64 | 0.1.1 | 24.00 | 86.00 | 110.00 | OK | |
| r-patched-linux-x86_64 | 0.1.1 | 15.06 | 41.71 | 56.77 | OK | |
| r-release-linux-x86_64 | 0.1.1 | 17.31 | 42.17 | 59.48 | OK | |
| r-release-macos-arm64 | 0.1.1 | 7.00 | 27.00 | 34.00 | OK | |
| r-release-macos-x86_64 | 0.1.1 | 14.00 | 97.00 | 111.00 | OK | |
| r-release-windows-x86_64 | 0.1.1 | 22.00 | 84.00 | 106.00 | OK | |
| r-oldrel-macos-arm64 | 0.1.1 | 7.00 | 29.00 | 36.00 | OK | |
| r-oldrel-macos-x86_64 | 0.1.1 | 15.00 | 71.00 | 86.00 | OK | |
| r-oldrel-windows-x86_64 | 0.1.1 | 19.00 | 103.00 | 122.00 | OK |
Version: 0.1.1
Check: CRAN incoming feasibility
Result: NOTE
Maintainer: ‘Daewoo Pak <heavyrain.pak@gmail.com>’
No Authors@R field in DESCRIPTION.
Please add one, modifying
Authors@R: c(person(given = "Chenxi",
family = "Li",
role = "aut"),
person(given = "Daewoo",
family = "Pak",
role = c("aut", "cre"),
email = "heavyrain.pak@gmail.com"),
person(given = "David",
family = "Todem",
role = "aut"))
as necessary.
Flavors: r-devel-linux-x86_64-debian-clang, r-devel-linux-x86_64-debian-gcc