Last updated on 2025-11-16 09:49:20 CET.
| Flavor | Version | Tinstall | Tcheck | Ttotal | Status | Flags |
|---|---|---|---|---|---|---|
| r-devel-linux-x86_64-debian-clang | 0.2.1 | 29.98 | 80.11 | 110.09 | OK | |
| r-devel-linux-x86_64-debian-gcc | 0.2.1 | 22.94 | 61.88 | 84.82 | NOTE | |
| r-devel-linux-x86_64-fedora-clang | 0.2.1 | 67.00 | 119.38 | 186.38 | OK | |
| r-devel-linux-x86_64-fedora-gcc | 0.2.1 | 47.00 | 146.43 | 193.43 | OK | |
| r-devel-windows-x86_64 | 0.2.1 | 58.00 | 205.00 | 263.00 | OK | |
| r-patched-linux-x86_64 | 0.2.1 | 32.17 | 77.86 | 110.03 | OK | |
| r-release-linux-x86_64 | 0.2.1 | 32.45 | 77.05 | 109.50 | OK | |
| r-release-macos-arm64 | 0.2.1 | 14.00 | 49.00 | 63.00 | OK | |
| r-release-macos-x86_64 | 0.2.1 | 16.00 | 96.00 | 112.00 | OK | |
| r-release-windows-x86_64 | 0.2.1 | 44.00 | 146.00 | 190.00 | OK | |
| r-oldrel-macos-arm64 | 0.2.1 | 12.00 | 50.00 | 62.00 | OK | |
| r-oldrel-macos-x86_64 | 0.2.1 | 13.00 | 73.00 | 86.00 | OK | |
| r-oldrel-windows-x86_64 | 0.2.1 | 41.00 | 168.00 | 209.00 | OK |
Version: 0.2.1
Check: CRAN incoming feasibility
Result: NOTE
Maintainer: ‘Al-Ahmadgaid B. Asaad <alahmadgaid@gmail.com>’
The BugReports field in DESCRIPTION has
https://github.com/alstat/ALUES/issues/
which should likely be
https://github.com/alstat/ALUES/issues/issues
instead.
Flavor: r-devel-linux-x86_64-debian-gcc